6. What is the greatest common divisor of d and 81?
9
Let q(t) = -7*t - 76. Let r be q(-14). Calculate the greatest common factor of 946 and r.
22
Suppose -845 = y - 5*y - 5*m, 0 = 3*y - 5*m - 625. Let o be ((-77)/(-33))/(0 + (-1)/(-9)). What is the highest common factor of o and y?
21
Suppose 0 = 2*r + 7*v + 8 - 5, 5*r - 100 = 4*v. What is the highest common divisor of r and 68?
4
Let l be (20*2/24)/((-1)/(-3)). Calculate the highest common divisor of 10 and l.
5
Suppose -2*p = -u + 97, 5 = 5*p - 0*p. What is the greatest common factor of 3 and u?
3
Let h = 20 + -18. Suppose -195 = -3*z + h*b + 121, 3*b + 6 = 0. Calculate the highest common factor of z and 13.
13
Suppose 0 = -553*s + 555*s - 52. What is the greatest common divisor of 416 and s?
26
Suppose -6*y - 707 + 785 = 0. What is the greatest common divisor of y and 871?
13
Let s = -118 - -74. Let q = s - -51. Calculate the greatest common divisor of 77 and q.
7
Suppose 0 = -m + 8 - 4. Let z(q) = -3*q - q**2 - 3 - m - 8*q. Let o be z(-7). What is the highest common divisor of 147 and o?
21
Let n = -438 + 493. Suppose 4*g = 5*d + 113, g = -0*g - 4*d + 2. Calculate the highest common factor of g and n.
11
Let u = -72 + 39. Let v = u - -42. What is the highest common divisor of v and 81?
9
Let g = -298 + 332. What is the highest common divisor of 51 and g?
17
Suppose f - 68 = 4*r - 21, 3*f = -3. Suppose 32 = -3*z - z. Let k be (r/z)/(2/200). What is the highest common divisor of k and 60?
30
Let g(i) = 3*i**2 + 53*i + 124. Let t be g(-20). What is the greatest common divisor of 48 and t?
24
Suppose -264 = 12*d - 444. Suppose 0*u + 15 = 5*u. What is the highest common factor of u and d?
3
Suppose -3*r - 304 = 4*t + t, r - 4*t + 90 = 0. Let j be r/(-6) - 20/(-30). Calculate the greatest common divisor of 102 and j.
17
Suppose -n = s + 2*n + 6, 3*s - 2*n = 37. Suppose -37 = -5*u - 12. Let j be u/25 - (-494)/5. Calculate the greatest common factor of j and s.
9
Suppose 3*j - 11 - 46 = 0. Suppose -1201 = -19*h - 118. What is the greatest common divisor of j and h?
19
Suppose l + 2 = 4. Suppose 10 = l*m - u, 4*m + 2*u - 34 = -3*u. Suppose 8*c = 10*c - m. What is the highest common divisor of c and 3?
3
Let i(w) = -2*w - 3. Let s be i(-3). Suppose 0*a - 4*p = -4*a, -5*a + 4*p + s = 0. Suppose a + 6 = n. Calculate the highest common divisor of 9 and n.
9
Suppose 2*h - 5*p + 13 = -12, 10 = 2*p. Suppose 3*i - 7*i - 8 = h. Let l be 1/(i/44*-2). Calculate the greatest common factor of l and 88.
11
Let c(y) = y**3 + 9*y**2 + 16*y - 2. Let v be c(-6). Suppose -z + v = u + z, -u - 5*z = -19. What is the greatest common factor of u and 8?
4
Suppose -3*g = -11 + 2. Suppose 0*k = -g*k + 12, 4 = 4*z - 2*k. Suppose o - 112 = -z*o. Calculate the highest common factor of o and 4.
4
Let k(n) = -n**3 + 14*n**2 - 35*n + 2. Let x be k(10). What is the greatest common divisor of x and 10?
2
Let n = 58 + -34. Let r = 5 - 1. Suppose 3*b = -15, -4 = 2*o + 4*b + r. What is the greatest common divisor of n and o?
6
Let q(v) = -v - 2. Let l be q(-10). Suppose l*y = 6*y + 10. Let k = 10 - y. What is the greatest common divisor of k and 15?
5
Let t be 1/3*(62 + 1). Let b = -11 + -4. Let g be (-10)/b - 1756/(-12). What is the highest common divisor of g and t?
21
Suppose 0 = -2*k + 2 + 8. Suppose 0 = 3*w - 32 + k. Suppose -6*i + 2*i = -180. Calculate the greatest common factor of w and i.
9
Let b = 378 - 367. What is the highest common factor of b and 341?
11
Let y(b) = b - 12. Let a be y(11). Let n be 15*4/3 + a. Let z = -9 + n. What is the greatest common factor of 40 and z?
10
Let r = -2769 + 2793. What is the highest common divisor of 366 and r?
6
Suppose -3*f + 8*f - 55 = 0. Let o = -1614 + 1615. Calculate the highest common factor of f and o.
1
Let x be -6*7/((-7)/15). Calculate the highest common divisor of 135 and x.
45
Suppose 0*p = 5*n - 5*p - 355, 3*n = 5*p + 211. Let d = n - 36. Calculate the highest common factor of 36 and d.
36
Let t(x) = 4*x - 9. Let r be t(4). Suppose 0 = -3*q + 10 + 2. Suppose b + 0*f + q*f = 24, 0 = 4*f + 4. What is the greatest common divisor of r and b?
7
Let j be 0/((2 - -1)/(-3)). Suppose -4*s = 4*c - 8, -3*c + 3*s - 6 = -c. Suppose 2*p = c, j = -k + 3*p + 9 + 31. What is the greatest common divisor of 8 and k?
8
Suppose -10*w = -84 - 36. Suppose 2 = -3*a + 26. Suppose 0 = -2*h + 8 + a. What is the greatest common factor of h and w?
4
Let a be (-3 - -17)/((-1)/(-6)). What is the greatest common factor of a and 56?
28
Let r be -324*5*10/(-75). What is the highest common factor of r and 9?
9
Let c = -2 + 6. Suppose 0 = u - 3, -c*v - 2*u = v - 96. Let k be (-322)/(-6) - (-1)/3. Calculate the greatest common factor of k and v.
18
Let a = -119 + 114. Let u be 3*(-176)/60*a/2. Calculate the greatest common factor of 22 and u.
22
Suppose 14*t - 136 = 284. Suppose 3*x = x + 420. What is the greatest common divisor of t and x?
30
Let z be (-4)/(-24)*-2*-48. Let g(u) = -18*u - 46. Let t be g(-7). Calculate the greatest common factor of t and z.
16
Let k = 1394 - 1043. What is the greatest common factor of k and 936?
117
Let i(q) = -q**3 - 8*q**2 - 7*q + 8. Let b be i(-7). Suppose 0 = 3*s + 3, -c + b*s = 3*s - 44. What is the highest common factor of 3 and c?
3
Let j be 4/(-18) - (-87)/27. Let w be 3190/(-33)*j/(-2). Let h(t) = 4*t - 15. Let l be h(11). What is the highest common factor of w and l?
29
Let g(x) = -55*x**3 + x. Let l be g(-1). Let t = l - -67. Suppose -2*p = -2*d + 8, -28 = 13*p - 17*p. Calculate the greatest common factor of d and t.
11
Let c(z) = z**3 + 2*z**2 - 2*z + 3. Let i be c(2). Let t be (180/(-54))/(2/(-9)). What is the greatest common factor of t and i?
15
Let k = 24 - 2. Let c = -234 - -339. Let f = c - 61. What is the highest common divisor of f and k?
22
Suppose -25*w + 2775 + 1525 = 0. Calculate the highest common divisor of 215 and w.
43
Let w be 0 - 6/2 - -27. Suppose 5*m - 1 - w = 0. Suppose -m*p - 185 + 10 = -2*n, 4*p - 4 = 0. What is the greatest common divisor of n and 18?
18
Let q be -3*1 + 702/(-9). Let c be (-1)/(-4 - q/21). Suppose c*g - 51 = -2. Calculate the greatest common factor of g and 63.
7
Let u be (-1)/(-4) - (-2552)/32. Let p be 4 + 7 + -18 + 12. Calculate the highest common divisor of p and u.
5
Let g(z) = 29*z - 8. Let y be g(3). Let a = -62 + y. Calculate the highest common factor of a and 68.
17
Suppose -5*o + 59*x = 61*x - 7750, -x + 5 = 0. Calculate the greatest common factor of o and 36.
36
Let g = -429 - -847. Calculate the highest common factor of g and 76.
38
Suppose -n + 2*n - 3 = 0. Suppose -n*p = -2*p - 5. Suppose 0 = -k + 2*t - t + 40, -20 = 4*t. Calculate the highest common factor of p and k.
5
Let o be (16/(-56))/((-552)/(-140) - 4). Calculate the greatest common factor of 35 and o.
5
Let x(d) = -d**3 - 2*d**2 + 2*d + 5. Suppose 3*j + 6*j = -36. Let p be x(j). What is the greatest common divisor of 319 and p?
29
Let y = 3 - -1. Suppose 57 = -5*h + 192. Suppose y*m = 153 + h. What is the greatest common factor of 9 and m?
9
Suppose 0 = 11*w + 253 + 66. Let b = 61 + w. Calculate the greatest common divisor of b and 96.
32
Suppose 0 = j + 4*m - 62, 5*m + 52 + 19 = j. Calculate the greatest common divisor of 99 and j.
33
Suppose 16*l - 816 = 10960. Calculate the greatest common divisor of l and 8.
8
Let k(s) = s**3 + s**2 - 14. Let a be k(0). Let w = a + 32. Suppose 0 = -2*h - h + 81. Calculate the highest common divisor of h and w.
9
Suppose -22*i - 5642 = -18270. What is the greatest common divisor of i and 14?
14
Suppose 13*g = -18*g + 1116. Calculate the highest common factor of 126 and g.
18
Let p(u) = 12*u**2 + 1. Let r be p(1). Suppose -10*t - 300 = -r*t. What is the greatest common divisor of 40 and t?
20
Suppose 2 = 2*b, -4*h - b - b = -162. Suppose -115 = -3*m - h. Calculate the highest common divisor of 25 and m.
25
Let z = -125 - -217. Suppose -5*w + z = -348. What is the greatest common factor of w and 22?
22
Let x = 33 + -28. Suppose x*v - 4*b + 110 = 0, -v - 22 = -3*b + 11. Let n be -2 - (3*v)/3. Calculate the greatest common divisor of n and 4.
4
Let i = 22 - 12. Let u(j) = -j**3 + 15*j - 14*j + 5 + 10*j**2 - 3 - 5. Let g be u(i). What is the greatest common factor of g and 7?
7
Let c(s) = s**2 - 2*s - 5. Let n be c(